ative of 30*p + 0 + 39/2*p**2 - 1/3*p**3. List the prime factors of t(7).
5
Let i be -106 + (-22)/(-33) + 2/(-3). Let d = 156 + i. What are the prime factors of d?
2, 5
Suppose -7*h = -0*h - 1491. Let w = 512 - h. List the prime factors of w.
13, 23
Suppose -10*g + 12 = -7*g. Suppose 29*d - g*d - 15700 = 0. What are the prime factors of d?
2, 157
Suppose -23*l + 391182 = 61914. List the prime factors of l.
2, 3, 1193
Let p(t) = t**2 + 5*t + 10. Let r(j) = j - 9. Let f be r(11). Suppose f*d = 3*n - 23, -5*d + 2*n - 51 = n. List the prime factors of p(d).
2, 3, 5
Let a(u) = -u**3 - 55*u**2 + 145*u + 227. List the prime factors of a(-58).
23, 83
Let u be (0 + -107)/((-28)/(-280)). Let y = u + 2327. What are the prime factors of y?
3, 419
Suppose -764*o = -67*o - 8392577. What are the prime factors of o?
12041
Suppose 341*w + 28 = 348*w. Suppose -4*b + 2 = 6, -4*b = w*t - 2508. List the prime factors of t.
2, 157
Let r(i) = 2099*i**3 - i**2 - i - 10. What are the prime factors of r(2)?
2, 3, 233
Let k(v) = 221*v + 38. Let d(y) = -222*y - 38. Let t(z) = -6*d(z) - 5*k(z). List the prime factors of t(2).
2, 3, 41
Suppose 681471 = -241*q - 8944 + 4435073. List the prime factors of q.
2, 17, 457
Let v = -825 + 4285. What are the prime factors of v?
2, 5, 173
Let a be (2 - 34)/(4 - 30/8). Let s = 209 + a. What are the prime factors of s - (2 + -1)/1?
2, 5
Let j = -69267 + 126310. What are the prime factors of j?
7, 29, 281
What are the prime factors of (48/(-20))/(-6) + (-552960)/(-225)?
2, 1229
Let l(a) = 20*a + 377. Let s be l(0). Suppose 0 = 2*n - g - 799, g - 5*g + s = n. List the prime factors of n.
397
Let g be 8/(-6)*(-81)/54. Suppose -466 = g*b - 1056. What are the prime factors of b?
5, 59
Let x(s) = 5*s - 13. Let p be x(-2). Let o(v) = 2*v**2 + 33*v + 17. List the prime factors of o(p).
2, 79
Suppose 3*u = -c + 2122 + 2401, -3*c + 13557 = -3*u. List the prime factors of c.
2, 5, 113
Suppose 258 + 1143 = -4*i - 3*c, i = -2*c - 344. Let h = i - -881. What are the prime factors of h?
17, 31
Let l be 2/(-6)*1 - 240/9. Let y = 7 - l. Suppose -7*q + 141 = -y. What are the prime factors of q?
5
Let m(z) be the second derivative of 44*z**3/3 - 41*z**2/2 - 60*z - 2. List the prime factors of m(15).
1279
Suppose -2*j - x + 7401 = 0, 0 = 13*j - 15*j + 5*x + 7371. What are the prime factors of j?
2, 43
Suppose 6737 = 2*s - 3*m - 318, 5*s - 2*m - 17632 = 0. Suppose -9*b - 502 = -s. What are the prime factors of b?
2, 3, 7
Let q = -36646 - -67140. List the prime factors of q.
2, 79, 193
Suppose -4*l = -c + 276, 0*l + 3*l + 192 = -3*c. Let p = l - -68. What are the prime factors of 899/58*(9 + (1 - p))?
5, 31
Suppose -60*p + 59*p = -1460. What are the prime factors of p?
2, 5, 73
Suppose 300 = t + 4*q, -2*q = q. Let m = t + -24. List the prime factors of m.
2, 3, 23
Let t be (795/(-10))/((-1)/(-4)). Let k = t - -869. What are the prime factors of k?
19, 29
Let n be (-13 - -11)/(4/(-3110) + 0). Suppose 3*j + 598 = n. What are the prime factors of j?
11, 29
Suppose -2090 = -5*j + 1885. Let c = -395 + j. Suppose 95 = 5*u - c. List the prime factors of u.
3, 11
Let h = -5205 - -10820. List the prime factors of h.
5, 1123
Let u(f) = 5705*f**2 - 7*f + 12. List the prime factors of u(2).
2, 3, 3803
Let s(w) = -244*w + 8. Let x(i) = 3*i + 1. Let t(a) = s(a) - 6*x(a). What are the prime factors of t(-1)?
2, 3, 11
Let w = 117 - 77. Suppose -79 = -3*m + 62. Let a = m + w. List the prime factors of a.
3, 29
Let x(p) = -10110*p - 4043. List the prime factors of x(-4).
17, 2141
Let v be (-4222)/(-4) - 3*(-6)/36. Let i = v - 531. What are the prime factors of i?
3, 5, 7
Suppose 4*l - 10 = 14. Suppose 3*s - 23 = 58. Let i = l + s. List the prime factors of i.
3, 11
Let j(w) = -6*w - 9. Let p be j(-2). Let i(n) = -9*n - 2 + 3 + 80 + p. List the prime factors of i(0).
2, 3, 7
Suppose -5383*u + 5369*u + 1128694 = 0. List the prime factors of u.
80621
Suppose 0 = -11*g + 5*g. Suppose 8*f - 63 - 9 = g. List the prime factors of 123/f + 4/(-6).
13
Suppose -4*a + 3*a = -3. Suppose -4*j + a*k = 5*k - 76, j + 4*k = 19. List the prime factors of j.
19
Let z = -2 - -7. Suppose 4*g + 3*m + 9 = 0, 0*m = -z*g + m + 3. What are the prime factors of (g + (-6)/4)/(2/(-76))?
3, 19
Let w be -27 + -2 - (-1 + 0). Let a be (-6)/4 + w/(-8). Suppose -2*j + i + 184 = 0, -2*j + 174 = 6*i - a*i. List the prime factors of j.
7, 13
Let n(x) = -8*x**3 - x**2 - 27*x + 22. Let u be n(-9). Suppose -8*g + u = -2688. List the prime factors of g.
2, 17
Suppose 310220 + 3615796 = 108*p. What are the prime factors of p?
2, 71
Suppose 8*x + 4 = 10*x. Let s(f) = f**2 + 6*f + 5. Let c be s(-5). List the prime factors of x + -2 + c - -8.
2
Let z(j) = -364*j + 354. What are the prime factors of z(-16)?
2, 3089
Suppose 2*t - 5*k = -17, -5*k + 2*k = t - 19. Suppose -3*d + 639 = 7*b - t*b, 5*d = 15. What are the prime factors of b?
2, 3, 5, 7
Let f(q) = 30*q - 30. Let t be f(3). List the prime factors of (303/(-9)*2)/((-8)/t).
5, 101
Suppose 0 = -2*a, -2*c - a + 217 - 5093 = 0. Let g be c/6 + 20/6 + -4. Let o = g + 610. List the prime factors of o.
7, 29
Let q(j) be the first derivative of 39/2*j**2 - 18 - 17*j. What are the prime factors of q(3)?
2, 5
Let s = -16887 + 54335. List the prime factors of s.
2, 31, 151
Let s(k) = 10*k**2 + 37*k + 22. Let f be s(20). Suppose -f - 766 = -8*i. List the prime factors of i.
691
Suppose 5*v - 2 = z, -2*z - 4*v = -3*z. Suppose 13*j = z*j. Suppose 180 = 3*o - 2*k + 51, j = o + 4*k - 57. List the prime factors of o.
3, 5
Let b(j) = -j**3 - 30*j**2 + 93*j + 1244. List the prime factors of b(-36).
2, 709
Suppose -2*i - 5*j + 5 = 0, j - 2*j + 35 = -3*i. Suppose -5*w + 6*w - 5 = 0, 5*y = -2*w + 150. Let m = y - i. What are the prime factors of m?
2, 19
Let n(b) = b**3 + 4*b**2 + 5*b + 6. Let c be n(-3). Suppose 0 = -2*l - v + 6, -l - 4*v + 5*v - 3 = c. List the prime factors of 3 + 7 + 0 + l.
11
Let k(b) = -37*b + 79. Suppose -p - p - 129 = 5*g, 5*g - 5*p = -150. What are the prime factors of k(g)?
2, 7, 11
Let r(p) = 98*p + 222. Let t be r(27). Let a = t + -1425. List the prime factors of a.
3, 13, 37
Suppose -5*j + 19566 = 3*r, -93*j + 95*j - 7827 = -r. What are the prime factors of j?
3, 5, 29
Let i = 33 + -33. Suppose i = -p - 90 + 373. What are the prime factors of p?
283
Let h = -43 - -70. List the prime factors of ((-18)/(-10))/(h/180).
2, 3
Let i(b) = b. Let r = -43 + 47. Let j(n) = 4*n + 10. Let o(l) = r*i(l) + j(l). List the prime factors of o(5).
2, 5
Suppose 878*u - 624888 = 851*u. What are the prime factors of u?
2, 11, 263
Suppose -j + k + 2 = -0*j, -24 = -4*j - 4*k. Suppose -3*n + 2*g = 5*g - 3000, 2*g = j*n - 4030. List the prime factors of n.
3, 5, 67
What are the prime factors of 29/(261/54) + 10791?
3, 59, 61
Let m(l) = l**3 - 12*l**2 + 28*l - 9. Let t be m(9). Suppose -4*u + 3*n - 762 = -3312, u - 5*n - 629 = t. List the prime factors of u.
3, 71
Let l(x) = 62*x**2 - 35*x + 198. List the prime factors of l(7).
3, 997
Let l(q) be the third derivative of 7*q**5/60 - q**4/24 + 17*q**3/6 - q**2. Let t be (-3)/6 + 15 + (-41)/2. What are the prime factors of l(t)?
5, 11
Suppose 17*c - 4526 = 47511. List the prime factors of c.
3061
What are the prime factors of 5/(5/113400*7)?
2, 3, 5
Let l = -55 - -52. Let r(o) = -38*o + 18. List the prime factors of r(l).
2, 3, 11
Let m be (-4)/((-8)/3) - 5421/(-6). Suppose -425 = -7*h + m. What are the prime factors of h?
2, 5, 19
Let r = -3855 + 5418. Suppose 4517 - r = 7*v. List the prime factors of v.
2, 211
Let t(r) = -r**3 + 32*r**2 - 51*r + 350. List the prime factors of t(23).
2, 11, 179
Let y = 2574 - 1791. Let h = 1905 - y. List the prime factors of h.
2, 3, 11, 17
What are the prime factors of 1*((-266825)/(-40) + (-15)/24)?
2, 5, 23, 29
Let h(b) = -2*b**3 - 6*b**2 - 2*b + 1. Let l(p) = 2*p**2 - 33*p - 23. Let k be l(17). What are the prime factors of h(k)?
229
Let r = 12935 + 2540. List the prime factors of r.
5, 619
Suppose 4*s - 3*s - 2*v = -101, 0 = -2*s + 5*v - 200. What are the prime factors of (s/9)/(55/(-1386))?
2, 3, 7
Suppose 502*m - 32 = 504*m. List the prime factors of (-10)/(-8) - 3580/m.
3, 5
Let c be 41/(-1*(-2)/(-6)). Let o = -4971 - -5317. Let w = c + o. List the prime factors of w.
223
Let w(q) be the s